ate the greatest common divisor of 54 and 621081.
27
Calculate the greatest common factor of 176 and 27148.
44
Calculate the greatest common factor of 2421021 and 102.
51
What is the highest common factor of 19216 and 1072?
16
What is the highest common divisor of 322 and 329728?
322
Calculate the greatest common factor of 1222606 and 198.
22
What is the highest common divisor of 2586 and 9678?
6
Calculate the greatest common divisor of 1056 and 66000.
528
What is the greatest common factor of 23675 and 1775?
25
Calculate the highest common factor of 197482 and 1758.
586
Calculate the highest common divisor of 81328 and 3588.
1196
What is the highest common divisor of 5070340 and 209?
209
What is the highest common divisor of 724608 and 3996?
1332
What is the highest common factor of 9585 and 1755?
135
Calculate the highest common divisor of 632566 and 44.
22
What is the highest common factor of 568888 and 2136?
712
What is the greatest common factor of 143125 and 1300?
25
What is the greatest common divisor of 699867 and 46?
23
Calculate the greatest common divisor of 143 and 10933.
13
Calculate the greatest common factor of 3 and 7669.
1
What is the greatest common factor of 90 and 323496?
18
What is the greatest common divisor of 588 and 220?
4
What is the highest common divisor of 312 and 58929?
39
Calculate the greatest common divisor of 4048 and 177859.
253
Calculate the greatest common factor of 105419 and 389.
389
What is the greatest common factor of 1525 and 725?
25
Calculate the greatest common divisor of 249 and 4353516.
249
What is the greatest common divisor of 326024 and 332?
332
What is the greatest common divisor of 3841 and 1702?
23
What is the highest common divisor of 2 and 4211?
1
What is the greatest common factor of 412242 and 12954?
762
What is the highest common factor of 43081 and 5144?
643
Calculate the greatest common factor of 196 and 1432319.
49
What is the greatest common factor of 459 and 808758?
459
What is the greatest common factor of 93434 and 11594?
682
What is the greatest common factor of 14704 and 48?
16
Calculate the greatest common factor of 24 and 448096.
8
Calculate the greatest common divisor of 49487 and 142.
71
What is the greatest common divisor of 832 and 507?
13
What is the greatest common divisor of 14 and 122066?
14
What is the highest common factor of 2060 and 3820?
20
What is the greatest common factor of 25 and 5939075?
25
Calculate the greatest common factor of 280918 and 452.
226
Calculate the highest common divisor of 75187 and 644.
161
What is the greatest common divisor of 48 and 16242?
6
What is the greatest common divisor of 1344 and 496?
16
What is the greatest common factor of 775 and 5611?
31
What is the greatest common divisor of 81060 and 51531?
579
Calculate the highest common divisor of 5330 and 4305.
205
Calculate the highest common divisor of 12684 and 84.
84
Calculate the highest common factor of 179093 and 237.
79
What is the highest common factor of 1420 and 2420?
20
Calculate the highest common factor of 62150 and 53350.
550
Calculate the greatest common factor of 395 and 7979.
79
What is the greatest common factor of 46753 and 35?
7
What is the greatest common factor of 673690 and 50?
10
Calculate the greatest common factor of 875083 and 8056.
1007
What is the highest common factor of 36 and 524?
4
What is the highest common factor of 41206 and 1958?
22
What is the greatest common factor of 58307 and 1465?
293
What is the greatest common factor of 9 and 15393?
3
Calculate the highest common divisor of 1647 and 48735.
27
Calculate the highest common factor of 1732302 and 16731.
1287
What is the highest common divisor of 27 and 18388566?
27
What is the greatest common factor of 11 and 26927?
1
Calculate the greatest common factor of 83499 and 507.
39
Calculate the highest common factor of 5124 and 5964.
84
What is the greatest common divisor of 2336040 and 60?
60
Calculate the highest common divisor of 871 and 6630.
13
What is the highest common divisor of 113805 and 10935?
405
Calculate the greatest common divisor of 305240 and 6656.
104
Calculate the greatest common divisor of 41006 and 42.
14
Calculate the highest common divisor of 1648 and 2575.
103
Calculate the highest common divisor of 73084 and 8758.
302
What is the greatest common factor of 1468894 and 14?
14
Calculate the highest common divisor of 334713 and 408.
51
What is the greatest common divisor of 435 and 15038385?
435
What is the highest common divisor of 126 and 336?
42
Calculate the greatest common factor of 192 and 343488.
192
What is the highest common factor of 7288 and 763418?
1822
Calculate the highest common factor of 1021258 and 8330.
1666
What is the greatest common factor of 3934 and 45052?
14
What is the highest common factor of 63 and 20958?
21
What is the highest common factor of 36 and 32704?
4
What is the highest common factor of 1008612 and 14150?
566
What is the greatest common factor of 17 and 107168?
17
What is the highest common divisor of 30710 and 1332?
74
Calculate the highest common factor of 616 and 1796872.
616
What is the highest common divisor of 28288 and 308992?
2176
Calculate the greatest common divisor of 222 and 957819.
111
What is the highest common factor of 45 and 26685?
45
Calculate the highest common factor of 43301 and 31863.
817
What is the greatest common factor of 2318822 and 11?
11
What is the highest common factor of 10437 and 378?
21
What is the greatest common divisor of 1442 and 1092?
14
What is the highest common divisor of 6042 and 178716?
318
What is the greatest common factor of 18122 and 1573?
13
What is the greatest common divisor of 195311 and 1?
1
What is the greatest common factor of 72429 and 399?
21
What is the greatest common factor of 312 and 36894?
78
Calculate the greatest common divisor of 16399391 and 23.
23
What is the highest common divisor of 70626 and 228864?
894
What is the greatest common factor of 1078 and 36718?
22
What is the highest common divisor of 2 and 2005?
1
What is the greatest common factor of 34681 and 79?
79
What is the highest common factor of 311597 and 26?
13
Calculate the greatest common factor of 1875 and 51855.
15
What is the greatest common factor of 2076 and 21106?
346
What is the greatest common factor of 228 and 25821?
57
What is the highest common divisor of 49792 and 1152?
128
What is the highest common factor of 45440 and 760?
40
Calculate the highest common factor of 120 and 220416.
24
Calculate the highest common divisor of 78684 and 8964.
996
What is the highest common factor of 41229 and 2036?
509
Calculate the greatest common factor of 6403 and 164119.
337
Calculate the highest common factor of 38856 and 48.
24
What is the greatest common divisor of 3584 and 767872?
896
Calculate the highest common divisor of 204093 and 27.
27
Calculate the greatest common divisor of 1597253 and 49.
49
What is the greatest common divisor of 4 and 35892?
4
Calculate the greatest common factor of 2595 and 735.
15
Calculate the highest common factor of 636 and 237.
3
Calculate the highest common factor of 64 and 251056.
16
What is the greatest common factor of 289765 and 70?
35
Calculate the highest common divisor of 12704 and 12.
4
What is the greatest common divisor of 5968 and 1568?
16
Calculate the highest common factor of 21224 and 14023.
379
What is the greatest common factor of 2528 and 22436?
316
What is the highest common factor of 378708 and 924?
132
Calculate the greatest common divisor of 169472 and 32.
32
What is the highest common factor of 2301 and 33?
3
Calculate the greatest common divisor of 7191 and 1377.
153
Calculate the greatest common factor of 164 and 764732.
164
What is the greatest common divisor of 4256 and 54796?
532
What is the greatest common factor of 224 and 1796648?
56
Calculate the highest common factor of 2312 and 4952.
8
What is the highest common factor of 1365187 and 337?
337
Calculate the greatest common factor of 8468 and 28.
4
Calculate the greatest common divisor of 77472 and 360.
72
Calculate the highest common divisor of 47462 and 8056.
38
What is the greatest common factor of 354 and 36534?
6
What is the greatest common factor of 104 and 117624?
104
What is the highest com